by 419531.
44
What is the remainder when 100262 is divided by 1024?
934
Calculate the remainder when 26812041 is divided by 25.
16
What is the remainder when 42941491 is divided by 52?
47
Calculate the remainder when 16243507 is divided by 375.
7
Calculate the remainder when 2093771 is divided by 200.
171
Calculate the remainder when 9916 is divided by 3952.
2012
What is the remainder when 183168 is divided by 181638?
1530
Calculate the remainder when 2011197 is divided by 298.
293
Calculate the remainder when 145691 is divided by 165.
161
Calculate the remainder when 3378134 is divided by 565.
564
What is the remainder when 10280493 is divided by 1127?
1126
What is the remainder when 8995817 is divided by 59972?
17
Calculate the remainder when 7096916 is divided by 2258.
22
What is the remainder when 144205 is divided by 28818?
115
What is the remainder when 1041835 is divided by 260441?
71
Calculate the remainder when 15366037 is divided by 808738.
15
What is the remainder when 163216175 is divided by 592?
591
Calculate the remainder when 266433 is divided by 5239.
4483
What is the remainder when 7706200 is divided by 39?
34
Calculate the remainder when 306038 is divided by 98.
82
What is the remainder when 18175 is divided by 5933?
376
Calculate the remainder when 30678137 is divided by 10226023.
68
What is the remainder when 54414 is divided by 2801?
1195
What is the remainder when 126447508 is divided by 122?
120
Calculate the remainder when 230292 is divided by 13541.
95
Calculate the remainder when 24224 is divided by 2529.
1463
Calculate the remainder when 20449612 is divided by 10224799.
14
What is the remainder when 12283 is divided by 1056?
667
Calculate the remainder when 236928 is divided by 33825.
153
Calculate the remainder when 1400575 is divided by 280105.
50
What is the remainder when 207580044 is divided by 463?
13
Calculate the remainder when 468141 is divided by 234062.
17
Calculate the remainder when 172234 is divided by 166889.
5345
What is the remainder when 595553 is divided by 59545?
103
Calculate the remainder when 168755 is divided by 1855.
1805
Calculate the remainder when 3994134 is divided by 1331340.
114
What is the remainder when 2446475 is divided by 203805?
815
Calculate the remainder when 572984 is divided by 190686.
926
What is the remainder when 9323242 is divided by 3107620?
382
What is the remainder when 680662 is divided by 37814?
10
Calculate the remainder when 201218 is divided by 329.
199
Calculate the remainder when 6139012 is divided by 4293.
22
What is the remainder when 55479982 is divided by 14?
12
What is the remainder when 187192 is divided by 46794?
16
What is the remainder when 5779244 is divided by 160532?
92
What is the remainder when 509159 is divided by 754?
209
What is the remainder when 301351098 is divided by 17?
3
Calculate the remainder when 938699 is divided by 1042.
899
Calculate the remainder when 1893490 is divided by 90153.
277
What is the remainder when 78560415 is divided by 403?
401
What is the remainder when 503978 is divided by 21912?
2
What is the remainder when 69739 is divided by 8565?
1219
What is the remainder when 5463955 is divided by 1608?
1579
Calculate the remainder when 234936829 is divided by 113.
111
What is the remainder when 32067300 is divided by 411118?
96
Calculate the remainder when 13126561 is divided by 5889.
5869
Calculate the remainder when 6641688 is divided by 368982.
12
What is the remainder when 60071507 is divided by 762?
761
What is the remainder when 1131468 is divided by 9351?
9348
Calculate the remainder when 10537861 is divided by 376352.
5
What is the remainder when 872536 is divided by 1040?
1016
Calculate the remainder when 23660740 is divided by 42.
40
Calculate the remainder when 995047 is divided by 331630.
157
Calculate the remainder when 22847 is divided by 9775.
3297
Calculate the remainder when 892033 is divided by 127431.
16
What is the remainder when 7948 is divided by 6621?
1327
Calculate the remainder when 1045295 is divided by 522581.
133
What is the remainder when 4243524 is divided by 10853?
1
What is the remainder when 1683987 is divided by 22453?
12
What is the remainder when 7605290 is divided by 760527?
20
Calculate the remainder when 47859785 is divided by 11.
6
What is the remainder when 9115147 is divided by 1823028?
7
Calculate the remainder when 23017 is divided by 505.
292
What is the remainder when 3622324 is divided by 5590?
4
What is the remainder when 907677 is divided by 69821?
4
Calculate the remainder when 11233817 is divided by 1666.
1645
Calculate the remainder when 34019662 is divided by 483.
40
Calculate the remainder when 113858 is divided by 18818.
950
What is the remainder when 30832816 is divided by 38?
34
Calculate the remainder when 5037467 is divided by 1007492.
7
Calculate the remainder when 2001022 is divided by 2011.
77
Calculate the remainder when 5442148 is divided by 118.
106
What is the remainder when 383414 is divided by 78?
44
What is the remainder when 5100809 is divided by 1275202?
1
What is the remainder when 1607325 is divided by 229606?
83
What is the remainder when 7981108 is divided by 21629?
7
What is the remainder when 849459 is divided by 17335?
44
What is the remainder when 36614 is divided by 99?
83
What is the remainder when 22032447 is divided by 13138?
21
What is the remainder when 2218300635 is divided by 327?
324
What is the remainder when 20665808 is divided by 10469?
2
Calculate the remainder when 11264579 is divided by 321843.
74
Calculate the remainder when 177531059 is divided by 190.
189
Calculate the remainder when 11957740 is divided by 169.
145
Calculate the remainder when 20805816 is divided by 7060.
7056
Calculate the remainder when 19999174 is divided by 909052.
30
What is the remainder when 290348 is divided by 12047?
1220
What is the remainder when 9090837 is divided by 1065?
1062
What is the remainder when 158628 is divided by 157440?
1188
What is the remainder when 5792670 is divided by 119?
107
Calculate the remainder when 5439093 is divided by 5439080.
13
What is the remainder when 69868 is divided by 2803?
2596
What is the remainder when 516639228 is divided by 46967202?
6
What is the remainder when 6487107 is divided by 83?
76
What is the remainder when 24473888 is divided by 2666?
8
Calculate the remainder when 2847253 is divided by 1650.
1003
Calculate the remainder when 474498 is divided by 3675.
423
What is the remainder when 1329074 is divided by 45825?
149
Calculate the remainder when 4257068 is divided by 830.
828
What is the remainder when 3313118 is divided by 231?
116
What is the remainder when 40255 is divided by 13410?
25
What is the remainder when 205852 is divided by 2288?
2220
Calculate the remainder when 17185 is divided by 253.
234
Calculate the remainder when 215464 is divided by 215391.
73
Calculate the remainder when 182936 is divided by 60902.
230
Calculate the remainder when 10122894 is divided by 121.
34
Calculate the remainder when 175422261 is divided by 23.
19
What is the remainder when 1746362 is divided by 8085?
2
Calculate the remainder when 63381 is divided by 2964.
1137
What is the remainder when 13204942 is divided by 230?
182
What is the remainder when 27687 is divided by 5397?
702
Calculate the remainder when 13697953 is divided by 3424472.
65
Calculate the remainder when 30713495 is divided by 6.
5
What is the remainder when 980396 is divided by 15077?
391
Calculate the remainder when 1408841 is divided by 607.
601
Calculate the remainder when 930925 is divided by 5229.
163
What is the remainder when 5756420 is divided by 95940?
20
What is the remainder when 175160 is divided by 1726?
834
Calculate the remainder when 18152356 is divided by 17.
11
What is the remainder when 34194115 is divided by 269245?
0
What is the remainder when 17043 is divided by 235?
123
What is the remainder when 81306855 is divided by 40653423?
9
What is the remainder when 48989 is divided by 1354?
245
What is the remainder when 138336 is divided by 12576?
0
Calculate the remainder when 5943659 is divided by 10.
9
What is the remainder when 63476 is divided by 2808?
1700
What is the remainder when 122186 is divided by 17?
7
What is the r